ns digit of z?
2
Let q = 67 + 61. What is the tens digit of q?
2
Let d(u) be the first derivative of -11*u**2/2 - u - 1. Let a be d(-5). Suppose a = -2*i + 5*i. What is the units digit of i?
8
Let h = 2 - -6. Let b(n) = -n**3 + 7*n**2 + 10*n - 11. Let k be b(h). Suppose 43 + 41 = 3*x - 3*s, -k*s - 50 = -2*x. What is the tens digit of x?
3
Let j = 1248 + -597. What is the tens digit of j?
5
Suppose 5*w - 42 - 33 = 0. Suppose 2*q + 19 = 4*h - q, -q + w = 4*h. Let v = 5 + h. What is the units digit of v?
9
Suppose 0 = 3*k + 192 + 18. Let x be -2 - -34 - 3*(-3)/9. What is the units digit of (-6)/x - k/22?
3
Let d(k) = -5*k - 27. Let h be d(-6). Let q = h - -96. What is the tens digit of q?
9
What is the tens digit of 437 - ((-25)/(-5))/(-1)?
4
Let d be (22/4 + -1)/((-45)/(-60)). Suppose d*x - 832 = 80. What is the tens digit of x?
5
Suppose 5 + 1 = 2*m. Suppose 3*w = 2*w + m*f + 12, -15 = -2*w + 3*f. Suppose -11 = -a + w*s + 19, -2*s = -2. What is the units digit of a?
3
Let q be 2/(-1) + 1 - -5. Suppose -135 = -q*i - i. Suppose 3 = -t + i. What is the tens digit of t?
2
Let d(h) = -5*h - 26. Let j be d(-13). Suppose 4*w - 75 = -j. What is the units digit of w?
9
Let p be (1 + 83)*12/16. Suppose -p + 19 = -2*a. What is the units digit of a?
2
Let c(x) = 2 - 2 - 3*x + 7 - 7 + 3. Let h be (-4)/(-14) + 30/(-7). What is the tens digit of c(h)?
1
Suppose u - 3*i = -6 - 0, 21 = 3*u + 4*i. Let s(d) = 2*d**3 - 4*d**2 + 6*d. Let l be s(u). Suppose -2*w = 4 - l. What is the tens digit of w?
1
Let j be (8/2)/(2 - 1). Suppose -256 = -4*x + j*s, -4*x = -2*s - 0*s - 260. What is the tens digit of x?
6
What is the hundreds digit of 125/(-50)*852/(-5)?
4
Let i(n) = n**3 - 22*n**2 - 94. What is the units digit of i(23)?
5
Let q(a) be the third derivative of 5*a**4/24 - 11*a**3/3 - 26*a**2. What is the units digit of q(5)?
3
Suppose -s = z - 154, -4*s = z - 0*z - 601. Let o = 249 - s. What is the tens digit of o?
0
What is the thousands digit of 12730/(-18)*-5 + (-10)/90?
3
Suppose -3*o + 148 = -4*s, 44*o - 2*s - 98 = 42*o. What is the tens digit of o?
4
Let g be -1 + (-459)/(3 - 6). Suppose 0 = 3*h + h + g. Let u = h - -64. What is the units digit of u?
6
Let c(z) = 139*z + 6. Let t be c(1). Let m = t - 130. What is the tens digit of m?
1
Let m(i) = 11*i - 5. Let r(v) = -4*v + 2. Let b(a) = 3*m(a) + 8*r(a). Let q(g) = -g**3 - 3*g**2 - g + 2. Let f be q(-2). What is the units digit of b(f)?
1
What is the hundreds digit of 6 - -3*((-24584)/21)/(-4)?
8
Suppose 398 = -4*j + 5*x, 0*j - j + 2*x = 98. Let o = 5 - j. What is the hundreds digit of o?
1
Suppose 2*d - 4*d - 3*m = -3, -5*d - 2*m = -13. Let y be 0/d + (-47)/(-1). Suppose 3*u - 22 = y. What is the tens digit of u?
2
What is the tens digit of (-2)/(-5 + -1) + 63228/99?
3
Let z(k) = -154*k**3 + 3*k + 3. Let n(f) = -51*f**3 + f + 1. Let c(b) = 8*n(b) - 3*z(b). Let p be c(-1). What is the tens digit of 2*-1 + (13 - p)?
6
Let j(s) = 143*s**2 + 9 - 11 - 19*s**2. What is the units digit of j(-1)?
2
Let y(n) = n**3 - 11*n**2 + 10*n - 10. Let x be y(7). Let r = 200 + x. What is the tens digit of r?
6
Let v = 98 + -106. Let u(f) = 6*f + 55. What is the units digit of u(v)?
7
Let z be ((-5 - -1)/(-1))/2*35. Suppose 5*v + z + 145 = 2*t, 3*t - 311 = -4*v. What is the units digit of t?
5
Suppose -i - 1633 = 11*s - 13*s, 0 = -4*s - 4*i + 3272. What is the tens digit of s?
1
Let j = 2260 - 834. What is the units digit of j?
6
Suppose -3*z + 6*z = 4*m + 12, 4*m = 5*z - 20. Suppose -4 = -z*r - 4*i, 0 = 3*r - 3*i + 2 + 1. Suppose -3*f = -r*f - 168. What is the units digit of f?
6
Suppose -3*u + 0*u + 24 = 0. Suppose 9*r - 4*r + u = x, -2*r + 10 = 4*x. Suppose 2*o + 0*o - 4*p = 32, -x*p + 21 = o. What is the units digit of o?
8
Let r(j) = -j + 9. Let a be r(4). Suppose -a*w + w - 28 = -4*u, -2*w = 6. Suppose -v = u*v - 400. What is the tens digit of v?
8
Suppose -4*y - 83 - 13 = 0. Let q = y - -17. Let g(b) = b**3 + 9*b**2 + 10*b + 10. What is the tens digit of g(q)?
3
What is the tens digit of 21760/30 + (-4)/12?
2
What is the tens digit of 4236/6 - ((-10)/(-2) + -6)?
0
Let y(s) = 23*s + 1810. What is the hundreds digit of y(0)?
8
Suppose -2*d + 61 = -d. Suppose k - 4*c - d = 0, -5*k - 5*c + 307 = -k. Suppose -4*w + k = -51. What is the units digit of w?
1
Suppose 4*f = f + 1044. What is the units digit of f?
8
Let g = 75 - 122. Let j = g + 110. What is the units digit of j?
3
Suppose 0 = -2*k - 0 + 20. Suppose -m + 3 = 0, 2*s + 4*m = k + 42. What is the units digit of s?
0
Suppose -3*n - 3*b = -10872, -2*n - 2*n = -2*b - 14514. What is the hundreds digit of n?
6
Let h = 8 + 4. What is the tens digit of -2*2/(h/(-51))?
1
Let q(r) = -2*r**2 - 2*r - 11. Let w(p) = p**2 + 9*p - 6. Let a be w(-10). Let d be q(a). Let h = d - -86. What is the tens digit of h?
3
Suppose -3*l = -l - p - 15, 0 = 2*l + 3*p - 19. Suppose -3*y + 2*n = -59, 5*y + 2*n = l + 69. What is the tens digit of y?
1
Let x = -5553 - -9896. What is the units digit of x?
3
Let v(p) = 56*p**2 - 8*p - 19. What is the tens digit of v(-2)?
2
Let z(w) be the second derivative of -w**4/12 - 5*w**3/6 - w**2/2 + 2*w. Let o = 7 + -9. What is the units digit of z(o)?
5
Let t be ((-27)/(-9) - 5822) + 0 + -4. What is the units digit of (-4)/42*3 - t/21?
7
Let o be -2*(4 - (-21)/(-6)). Let y be 2/2*(-2)/o. Suppose -7*g = -2*g + y*j - 81, 4*g - 75 = -5*j. What is the tens digit of g?
1
Suppose -b = -5*i - 9, 5*b - 7 = 13. Let y(n) = 52*n**2 + 3*n + 2. What is the tens digit of y(i)?
5
Suppose 3*z = 4*z - b - 317, 0 = 2*z - b - 629. What is the hundreds digit of z?
3
Let d = 42 + -32. What is the units digit of -6*-1*55/d?
3
Let g(b) = -b**3 + 6*b**2 + 2*b - 9. Let r be g(6). Suppose -r*q + q = -12. What is the units digit of q?
6
Suppose -5*y - 4*o = -5037, -4035 = -4*y + 7*o - 12*o. What is the tens digit of y?
0
Let g be (1*-4 - -1 - -3)/2. Suppose -4*f - h + 186 = g, -f = -2*h + h - 44. What is the units digit of f?
6
Suppose -3*t - 2238 = -3*o - t, 3*o - t = 2241. What is the units digit of o?
8
Let u(s) = s**3 + s**2 - s - 28. Let c be u(0). Suppose -13*v + 14*v = 43. Let a = v + c. What is the units digit of a?
5
Let g(i) = i**3 + 17*i**2 - 17*i + 23. Let x be g(-18). Suppose -x*m - 4*p + 8 + 2 = 0, -35 = 5*m - 5*p. What is the tens digit of m/(-1) + (-168)/(-8)?
2
Suppose -3*w - 2*h + 16 = 0, -4 = 3*w - h - h. Let o be w*(-1 + 10/4). Suppose o*q - 34 = 23. What is the units digit of q?
9
Let q = 109 + -49. Suppose -34*f + 5*f = -116. Suppose 3*g = 3*w + g - 50, 0 = -f*w + g + q. What is the units digit of w?
4
Let j(z) = -z**2 + 3*z + 16. Let h = 0 - -7. Let v be j(h). Let d(k) = k**2 + 13*k + 13. What is the units digit of d(v)?
1
Let g(j) = -3*j - 5. Let r be g(-8). Suppose -3*a - 4 + r = 0. Suppose a*s + 77 = 267. What is the tens digit of s?
3
Let j = 368 - 218. Let w = j - 86. What is the units digit of w?
4
Let d(p) = -p**2 + 9*p - 10. Let a be d(7). Let h(w) = 3*w - 9. Let z be h(a). Suppose -z*r = -r - 50. What is the units digit of r?
5
What is the tens digit of (125/(-4))/(-5)*12?
7
Suppose -3 - 6 = -3*j. Suppose 0*b + 462 = j*b. What is the hundreds digit of b?
1
Let p = -933 + 2213. What is the thousands digit of p?
1
Suppose -d = -1, 3*c + d - 9223 = -0*c. What is the tens digit of c?
7
Let j(l) = -l**3 - 2*l**2 + l - 2. Let x be j(-3). Suppose -x*t + 28 + 24 = a, -4*t = 3*a - 52. What is the units digit of t + -1*(-8)/(-4)?
1
Suppose 2*d + 329 = -3*k + 827, 0 = 2*k + 3*d - 332. Suppose 0 = -2*v + 528 - k. What is the hundreds digit of v?
1
Let j(z) = z + 1. Let x be j(6). Let y = 3 + x. What is the units digit of 126/15 + y/(-25)?
8
Suppose 90 = f - 2*v, 3*f + v - 333 = -f. Suppose f = 4*r + 3*r. What is the tens digit of r?
1
Let p(f) = 2*f**3 + 10*f**2 + 9*f + 2. Let t(x) = -x**3 - x**2 + x - 1. Let a = 16 - 15. Let k(d) = a*p(d) + 3*t(d). What is the tens digit of k(8)?
3
Let i(g) = -437*g + 13. Let d be i(-6). Suppose -3629 - d = -18*k. What is the tens digit of k?
4
Suppose 4*c + 4 = 6*c, -4*a = 3*c - 12242. What is the units digit of a?
9
Let o = -53 - -56. What is the tens digit of (-6)/4*((-1060)/12 - o)?
3
Let t(h) = -168*h - 385. What is the tens digit of t(-24)?
4
Suppose -3*a + 438 = 3*l, 2*l - 3*a = 4*l - 288. What is the tens digit of l?
5
Let 